d. Calculate the highest common factor of r and 290.
10
Let c = 17999 - 17935. Calculate the greatest common factor of 7008 and c.
32
Let r = -6706 - -7925. What is the greatest common factor of r and 689?
53
Let o(m) = m + 1. Let q be 2*(1 + 3 + -3)/1. Let i be o(q). Suppose -s - 6 = -4*p, 3*s = 5*p + 6*s - 16. What is the highest common divisor of i and p?
1
Let o be 6/(-14) + (-4)/((-140)/11775). Let a = -3174 + 3188. What is the greatest common divisor of o and a?
14
Let t be 54 - ((-34)/(-10) + (-52)/130). Let x(u) = u**2 + 10*u - 5. Let i be x(4). Calculate the highest common factor of t and i.
51
Let g = 571 + -54. Let f = -484 + g. What is the highest common factor of f and 1122?
33
Let s be (2 + -1)/((-6)/(-12)). Suppose -72 = -s*p - 2*p. Let n = p - 9. What is the highest common factor of n and 81?
9
Let v be (3/(-12)*-11)/((-5)/(-120)). Suppose 103*n + 990 = 108*n. What is the greatest common divisor of n and v?
66
Suppose 276 = 4*l + 4*u, -4*u + 28 = 2*l - 96. Let q be (1/1)/(2/(-62)). Let x = q + l. Calculate the greatest common factor of x and 27.
9
Let k = 238 - -288. Let y = 549 - k. Calculate the highest common divisor of 4 and y.
1
Let s(b) = 45*b**3 - 5*b**2 + 27*b - 23. Let r be s(1). Calculate the greatest common factor of 104 and r.
4
Suppose -5*b - 4*h = -508, 17 = -2*b - h + 219. Suppose 0 = 9*l - 29 - 7. What is the highest common factor of b and l?
4
Suppose 0 = 13*b + 121*b - 4072 - 9730. What is the greatest common factor of b and 13699?
103
Suppose d - 334 = -4*d + 2*t, 4*d - 304 = -3*t. What is the highest common divisor of 2835 and d?
35
Let n(d) = d**3 - d**2 - d + 8. Let o be n(0). Let f(z) = 3*z - 7 + 0 + z**2 + 8 + 3. Let j be f(4). Calculate the greatest common factor of o and j.
8
Let p = 10441 - 10319. What is the highest common divisor of p and 86?
2
Let a be 9446/8 - 156/208. Calculate the greatest common divisor of 80 and a.
20
Suppose 4*w = 5*i + 160, 0 = -i + 5*i. Suppose 4340 = 12*p + 19*p. What is the greatest common factor of p and w?
20
Let x(v) = -5*v**2 - 335*v + 39. Let r be x(-67). Suppose 20 = -3*z - 2*z, z - 61 = -b. What is the highest common divisor of r and b?
13
Let p be 5/(-3)*-9 - -6. Let v be (-24)/(-18)*(132 + 0). Let x = -113 + v. Calculate the highest common factor of p and x.
21
Let c = -2525 - -4425. Suppose 0 = -2*h + 4, c = 4*k - 7*h + 3*h. Let a be k/21 + (-1 - 27/(-21)). Calculate the greatest common divisor of 253 and a.
23
Let h be (-355)/(-15) - (-2 + 5/3). Suppose -3*l = m - 7, -4*l = -0*m + 3*m - 11. Suppose -60 = -l*q - 3*q. Calculate the greatest common factor of h and q.
12
Let r(x) = -x**2 - 51*x - 321. Let k be r(-43). Suppose 2*b = 5*a + 311 + 210, 2*b + a - 503 = 0. What is the highest common divisor of k and b?
23
Let n = 4931 + -2992. Calculate the greatest common factor of 14 and n.
7
Let b = 1551 + -1069. Let d = -466 + b. What is the greatest common divisor of d and 28?
4
Let w = 14 - -299. Let l = -89 + w. Let q = 37 + -5. Calculate the highest common factor of q and l.
32
Let g = 7496 + -7472. What is the greatest common divisor of 3372 and g?
12
Let n = -8582 - -8726. What is the highest common divisor of 504 and n?
72
Let d(m) be the second derivative of 49*m**3/6 - 35*m**2/2 + 6*m + 2. Let u be d(18). Calculate the highest common factor of u and 77.
77
Let q be (1 + 3/(-4))*0/(-31). Suppose q = -3*b - 5*r + 105, -2*b - 16*r + 65 = -11*r. Calculate the greatest common divisor of b and 40.
40
Suppose 4*u + 3*u = 728. Let z be (-784)/(-26) + (-16)/u. Let q = 17 - -3. Calculate the highest common divisor of q and z.
10
Suppose 2*g + i = 4288, 3*g - 5*i - 3599 - 2846 = 0. Suppose -8*p - g = -47*p. Calculate the greatest common divisor of 30 and p.
5
Let q = 1459 + -1410. Calculate the highest common factor of 784 and q.
49
Let h(r) = 2*r**2 + 13*r - 25. Let n be (-22)/11 - (-5 - -1). Let s be h(n). Calculate the highest common divisor of s and 9.
9
Let b = 11831 + -11571. Calculate the greatest common factor of b and 80.
20
Suppose 4*f = 4*g - 64 - 72, 0 = -4*g + 5*f + 140. Let u be (6 + g/(-12))*8/14. What is the greatest common factor of 38 and u?
2
Suppose 2*o + 8 = -3*q + 364, -5*q + 592 = 3*o. What is the highest common factor of q and 377?
29
Let s(q) = -37*q + 54. Let h be s(-7). Suppose 2*r = h + 17. Calculate the highest common divisor of r and 22.
11
Let a = 7553 - 7416. What is the greatest common factor of a and 9?
1
Suppose -2*j + 3*l + 94 = 2*j, -l + 127 = 5*j. Let t = 73 - 37. Let i be (-3)/t*-9 + (-897)/(-4). What is the greatest common factor of i and j?
25
Suppose 121*a - 123*a = -126. Let i be (-7 - 2)*(-21)/1. Calculate the greatest common divisor of a and i.
63
Suppose -45 = -s + 98. Suppose -x + 27 = 21, -v = -3*x - 4. What is the highest common factor of v and s?
11
Let z be (-13 - -36) + 7 - 11. What is the greatest common divisor of z and 8?
1
Suppose 2*w + 3 = 5*w, 0 = -5*o + 3*w - 128. Let j(r) = 2*r**2 + 47*r - 21. Let n be j(o). What is the greatest common factor of 27 and n?
27
Let z(v) = 11*v - 531. Let m be z(57). Calculate the greatest common divisor of 168 and m.
24
Let y be 34/(-6)*(-7 - (-4 - 6)). Let s = y + 38. What is the greatest common factor of s and 7?
7
Let o = 350 - 292. Suppose o*p = 52*p + 120. What is the greatest common divisor of p and 640?
20
Let m be (-7 - -2) + 0 + -6 + 8. Let p be (-13 - m)/(96/(-47) - -2). Suppose -125 - p = -6*n. Calculate the highest common divisor of n and 15.
15
Let o(z) = 6*z**2 + 215*z - 1073. Let y be o(5). Let g(f) = -f + 16. Let n be g(4). What is the greatest common divisor of n and y?
4
Suppose 0 = 6*r - 311 - 361. Suppose 189*v - 176*v - 91 = 0. What is the greatest common divisor of v and r?
7
Let w = 142 - 108. Suppose -486 = -10*y + w. Calculate the greatest common factor of 104 and y.
52
Let z(c) be the third derivative of -16*c**6/15 + 7*c**4/24 + 4*c**3/3 - 74*c**2. Let o be z(-1). What is the greatest common factor of o and 430?
43
Let k = 15 + -7. Suppose -4*q = 2*n - 34 - 106, 2*q + 4*n - 64 = 0. Suppose p = q + k. Calculate the highest common factor of 33 and p.
11
Suppose -4*d + 210 + 54 = 0. Let j = d - 76. Let b be (153/6 - 3)*(-8)/j. Calculate the greatest common divisor of b and 30.
6
Let q(u) = 12*u**2 + 1414*u - 224. Let a be q(-118). Calculate the highest common factor of a and 786.
6
Suppose -5*a = -5*y - 760 + 240, -3*a - 4*y + 277 = 0. Let q(g) = 6*g**2 + 88*g - 367. Let c be q(4). Calculate the greatest common factor of a and c.
9
Let w(o) = o**3 - 11*o**2 - 4*o - 29. Let c be w(13). Let p = c - 227. What is the highest common divisor of 20 and p?
10
Suppose -5*p = s - 4100, -16*s + 15*s - 820 = -p. What is the greatest common divisor of p and 40?
20
Suppose -6*d = -4*c + 7156, 2*c + d + 1019 = 4597. Calculate the highest common divisor of c and 1.
1
Let m = -15716 - -15964. What is the greatest common divisor of 424 and m?
8
Let q(i) = 13*i + 25. Let o be q(-2). Let v be (0 - o) + (77 - 15). Let m be (-1)/(8/6)*-12. What is the greatest common factor of m and v?
9
Let n be (-1158)/(-27) + (-6)/(-54) - 3. What is the greatest common factor of 380 and n?
20
Let n(m) = m**3 - 13*m**2 - 27*m - 11. Let a be 78/117 + (-129)/(-9). Let c be n(a). Calculate the greatest common factor of c and 1802.
34
Let h(g) = -2*g**2 + g**2 - 23*g - 3 + 30*g. Let y be h(6). Suppose x = 5*f + 5*x + 1, 5*f + 3*x - y = 0. What is the highest common divisor of 9 and f?
3
Let d = 12276 + -12015. What is the greatest common factor of d and 1450?
29
Suppose 0 = -7*t + 10*t - 6. Suppose -8 = -t*g + 2. Calculate the greatest common divisor of g and 10.
5
Suppose -2*y = 5*k - 19, -5*y = -7*y - 2*k + 10. Suppose -5*d = -0*d - y*g - 656, -5*d = g - 647. Calculate the highest common factor of d and 40.
10
Suppose -z = -0*z - 5*f - 233, 0 = 4*z + 3*f - 955. Let s = -410 + 424. What is the greatest common factor of s and z?
14
Suppose -k + 20 = -4*o + 4*k, 2*o = -5*k + 20. Suppose o = 3*n - 0 - 6. Let x be (-350)/(-42) + n/(-6). What is the greatest common factor of x and 20?
4
Suppose -3*f + 135 = 4*n, 0 = 5*n + 3*f - 8*f - 90. Let i = -3 - -4. Let m be 241 - ((-3)/1 + i). Calculate the highest common divisor of n and m.
27
Let o be (-15450)/(-90)*(0 - (-1068)/10). Calculate the greate